he units digit of d?
7
Suppose -3*l + 6*l = 9. Suppose -l*u + 5*u = 22. What is the units digit of u?
1
What is the tens digit of -5 - -89 - 1*2?
8
What is the units digit of ((-21)/9)/(5/(-45))?
1
Suppose -5*h + 316 = 2*a, 5*h - 325 = -2*a - 3*a. What is the units digit of h?
2
Let j = -8 + 11. Suppose -a - 23 = -4*w, 2*w + 2*a - 11 = j*a. Suppose -10 = -2*h + w. What is the units digit of h?
8
Suppose 3*h + 13 = -4*i, 6 = -4*h - 2*i + 2. Suppose -f - 3*y = y + 5, -f + 2*y = -13. Let z = h + f. What is the units digit of z?
8
Suppose 0 = 7*z - 12*z + 590. What is the units digit of z?
8
Suppose -l - 3*g + 1 - 6 = 0, 0 = 4*l + 2*g - 10. Suppose 3*q = l*q - 13. What is the tens digit of q?
1
Let u = 0 - -2. Suppose 0*k = -u*k. Let t = k + 2. What is the units digit of t?
2
Suppose -2*n - 3*n = -3*a + 61, 2*a = 2*n + 46. What is the tens digit of a?
2
Let s = 172 - 103. What is the tens digit of s?
6
Let i = 77 - 39. What is the units digit of i?
8
Suppose -5*r + 4*z = -4*r + 7, 67 = -5*r + 4*z. What is the units digit of (r*1 + 1)*-1?
4
What is the tens digit of (4/3)/((-4)/(-672))?
2
Let j = -6 + 8. Let u = j + 0. Suppose 2*q - 1 = 3*l - u, 0 = -5*q + 3*l + 11. What is the units digit of q?
4
Suppose 2*v + m - 7 - 7 = 0, -11 = v + 5*m. Let q(p) = -p**2 - 1. Let k be q(1). Let d = v + k. What is the units digit of d?
7
Suppose 4*q - p - 4*p = 124, -20 = -q + 4*p. What is the units digit of q?
6
Let t(j) = j**3 - 3*j**2 + 3. Let c be t(3). Suppose x - 3 = 2*q, 0 = q - c*q - 4*x + 22. Suppose 4*r = s - 2, -s = -r - 1 - q. What is the units digit of s?
2
Let t(x) = 64*x - 2. Let p be t(-1). What is the units digit of (6/18)/((-2)/p)?
1
Let x(a) = -a**2 + a - 20. Let n be x(0). Suppose 0 = 2*m - 3*o + 50, 120 = -0*m - 4*m - 4*o. Let q = n - m. What is the units digit of q?
8
Let j(w) = -w**3 - 3*w**2 - 3*w - 10. What is the tens digit of j(-4)?
1
Suppose 1159 = 14*o + 81. What is the tens digit of o?
7
Suppose -r - 126 = -4*r. Suppose 5*i + 3*s - 64 + 8 = 0, 0 = -5*i + 4*s + r. Let d = i + -3. What is the units digit of d?
7
Suppose 4*m - 21 = 5*q - 5, 2*m = 3*q + 8. Suppose -m*b + 32 + 12 = 0. What is the units digit of b?
1
Let z(u) = 10*u - 52. Let a(x) = -7*x + 35. Let r(t) = -7*a(t) - 5*z(t). What is the tens digit of r(-9)?
2
Suppose 1 = -z, 4*i - 5*z - 70 = 15. What is the tens digit of i?
2
Let l(i) = i + 6. Let w be l(-7). What is the units digit of 0/2 + (-20)/w?
0
Let d(r) = 5*r - 3. Let n be d(3). Suppose 3*f = -f + n. What is the units digit of (-3)/(-9) + 14/f?
5
Let a be 13/9*3*3. Let b = a + -8. Let l(k) = 4*k - 4. What is the tens digit of l(b)?
1
Let m = -39 - -56. What is the units digit of m?
7
Let z = -49 - -96. Suppose -r - 3*l + 3 = 0, 3*r + 5*l = -r + z. What is the units digit of r?
8
Let c(i) = 24*i - 3. Let v be c(2). Suppose 5*b - 22 + 7 = -m, 5*b = -3*m + v. What is the tens digit of m?
1
Suppose 4*j = -28 + 240. What is the tens digit of j?
5
What is the tens digit of (-588)/(-10) + (-12)/(-60)?
5
Let b(u) = 5*u - 3. What is the units digit of b(2)?
7
Let o(s) = -s - 2. What is the units digit of o(-7)?
5
Let l(x) = 6*x**2 + x + 4. What is the units digit of l(-2)?
6
Let v(d) = 5*d**3 + 2*d**2 - d. Let q be v(1). Let r = 16 + 0. Suppose r = 5*z + q. What is the units digit of z?
2
Let z(v) = 2*v**3 + 2*v**2 - 6*v + 5. What is the units digit of z(3)?
9
Let w be 1*(1*-74)/(-1). Suppose 7*n - 4*n - 2*m = w, -m + 28 = n. What is the units digit of n?
6
Suppose -q + 2 = -15. Suppose 4*a - 5 + q = -g, 4*a - 5*g - 12 = 0. What is the units digit of (a*3)/2*-2?
6
Let g = -2 + 5. Let f = g - 0. Suppose f*h = h + 20. What is the units digit of h?
0
Let g(z) be the first derivative of -z**4 + z**3/3 - 1. Suppose -3*r - r - 2*v = 12, -8 = 2*v. What is the units digit of g(r)?
5
Let s = 5 + -1. Let z(g) = -g**3 + 5*g**2 - 5*g - 1. Let d be z(s). Let c = 7 + d. What is the units digit of c?
2
Suppose 5*i = -2*x - 3*x + 165, x = 0. Let v = 59 - i. Let p = -17 + v. What is the units digit of p?
9
Let d(l) = -l**3 + 16*l**2 - 14*l - 9. What is the units digit of d(15)?
6
Let v(d) = d**2 + 7*d - 6. Let r be v(-9). Suppose -123 = -5*m + r. Suppose 2*g + 4*z = 7*g - 75, -z = -2*g + m. What is the tens digit of g?
1
Let q be 6/(0 + 3) + 3. Suppose q*n - 4 - 1 = 0. What is the units digit of n?
1
Suppose -4 + 5 = -n. Let v be 6 - ((-2)/n)/2. What is the units digit of 4/(((-15)/(-6))/v)?
8
Let q(o) = o**2 + 7. Suppose 0 = -u - 5*d - 24, d + 1 + 6 = 2*u. Let x = u + -1. What is the units digit of q(x)?
7
Let h = -14 + 50. What is the units digit of h?
6
Let n(x) = 4*x**3 - 3*x**2 + 4*x - 1. Let s(p) = -4*p**3 + 2*p**2 - 3*p + 1. Let o(b) = 3*n(b) + 4*s(b). What is the units digit of o(-1)?
4
Let u = -88 + 95. What is the units digit of u?
7
Let f(q) = q**2 + 5*q + 2. Let c(s) = -s**2 - 4*s - 2. Let n(h) = -4*c(h) - 3*f(h). Let t be n(-2). Suppose -t*o = -5*o + 1. What is the units digit of o?
1
Suppose 6*b = 346 + 38. What is the tens digit of b?
6
Let x be 882/4 - (-4)/(-8). Let b be (x/(-6))/((-12)/18). Suppose s + 5*a = 37, 2*a - 3*a = 3*s - b. What is the tens digit of s?
1
Suppose b - 3 = 5. Let l = b + -6. Suppose l*q = q + 8. What is the units digit of q?
8
Let d(i) = -i - 4. Let p be -1 + 2 + -8 + 2. What is the units digit of d(p)?
1
Let d(i) = i**3 + 4*i**2 - 3*i. What is the tens digit of d(2)?
1
Suppose c + 31 = 2*c. What is the units digit of c?
1
Let b = -9 - -20. Let x = b + -6. What is the units digit of x?
5
Let i = 3 - 1. Let o be -3*(12/(-9))/i. Suppose 5 = o*d - 13. What is the units digit of d?
9
Let r = 0 + -10. Let u = r - -19. What is the units digit of u?
9
What is the units digit of ((-2)/(-6))/(6/396)?
2
Let d be 1 + 3 + -3 + 4. Suppose 0 = -2*b + 47 - d. Suppose 2*s + 1 = b. What is the units digit of s?
0
Let j = 9 - 13. What is the units digit of 10/(-4)*(j - -2)?
5
Let x be 26/6 + (-1)/3. Suppose 0 = 3*d - x + 1. What is the units digit of d?
1
Let q = -5 + 5. Suppose 6*i - 3*i + 15 = q. Let l(g) = g**3 + 6*g**2 + 3*g - 2. What is the units digit of l(i)?
8
Let m = 23 + -25. What is the units digit of (102/9 + m)*3?
8
Let o(p) = p**2 + 2*p + 6. Let x be -3 + (-5)/(15/6). What is the tens digit of o(x)?
2
Let h = 20 + -1. Let q = -10 + h. Suppose n - q = 2. What is the units digit of n?
1
Let x = -26 + 21. What is the tens digit of -64*1/(x + 3)?
3
Let j = 33 + -20. What is the units digit of j?
3
Let u(b) = 2*b + 1 - 4 + 1. Let p be u(2). What is the tens digit of (-4 + p)*22/(-4)?
1
Let q be (-6)/15 - 6/(-15). Let s(a) = a**3 + a + 21. Let l be s(q). Let f = l - 15. What is the units digit of f?
6
What is the tens digit of (-5 - 287/(-21))/(4/6)?
1
Let v = -8 + 11. Suppose 3*n = 3 + v. What is the units digit of n?
2
Let f(y) = y - 5. Let p be f(7). Suppose -3*n + 65 = -4*a, -n - 2*a = -p - 3. What is the tens digit of n?
1
Let k(m) = m**2 + 2. Let y = -2 - 1. What is the units digit of k(y)?
1
What is the hundreds digit of (3/12*2)/(1/586)?
2
Let o(z) = z**3 + 6*z**2 + 6*z + 7. Suppose 3*s - 12 = 7*s, -x - 8 = s. Let f be o(x). Let l = 4 - f. What is the units digit of l?
2
Let z(m) = -2*m + 27. What is the units digit of z(-10)?
7
Suppose -20 = -4*x, f - 2*x + 3 = -2. Suppose 2*w - 2*r - 39 = -9, f*w + r = 69. What is the units digit of w?
4
Let j be ((-2)/(-6))/(1/15). Let t = j + -4. What is the units digit of t?
1
Let x be 7/4*-8*1. What is the units digit of (x/(-5))/((-3)/(-15))?
4
Let a = 57 - -65. What is the tens digit of a?
2
Let k be ((-9)/5)/((-2)/30). Suppose -13 = -4*d - 5*q, d + 3*d = 3*q - k. What is the units digit of (-2)/(-3) - 1/d?
1
Let o = 15 + -7. Suppose x - 4*w = -3*x - o, -w = x - 8. Suppose x*t + 27 = f + 8*t, t = 4. What is the units digit of f?
7
What is the units digit of ((-94)/8)/(13/(-52))*2?
4
Suppose 2*f - 5 = 41. What is the tens digit of f?
2
Let m be (19/3)/(1/3). Suppose 2*l - 18 - m = -5*p, 0 = 5*p - 5. What is the units digit of l?
6
Let j be 1/(-2) - (-135)/18. What is the tens digit of j + 9 - -1*2?
1
Let y(g) = 6 + 7*g**2 + 1 - 6*g**2 - 4*g - 1. What is the units digit of y(5)?
1
Let z = -163 + 249. What is the units digit of z?
6
Let v(j) = -j**3 + 3*j**2 + j. Let w be v(3). Suppose 4*u - 3*u = -5, 0 = -i + w*u + 23. Let z = i - 1. What is the units digit of 